atest common divisor of 300 and 48?
12
Calculate the greatest common divisor of 154 and 5236.
154
What is the highest common factor of 81 and 7371?
81
Calculate the highest common factor of 2466 and 6302.
274
Calculate the greatest common factor of 36 and 117.
9
What is the highest common factor of 2640 and 4290?
330
Calculate the highest common factor of 228 and 171.
57
What is the highest common divisor of 297 and 1661?
11
What is the highest common factor of 2032 and 32?
16
What is the highest common divisor of 1616 and 24?
8
Calculate the highest common factor of 300 and 1300.
100
What is the greatest common factor of 1790 and 10?
10
What is the greatest common divisor of 60 and 45?
15
What is the highest common divisor of 615 and 15?
15
Calculate the highest common divisor of 481 and 26.
13
What is the greatest common divisor of 1375 and 11?
11
Calculate the greatest common divisor of 2 and 47.
1
Calculate the greatest common factor of 4921 and 95.
19
What is the highest common factor of 296 and 16?
8
What is the highest common divisor of 3 and 12?
3
Calculate the highest common factor of 7802 and 332.
166
Calculate the greatest common divisor of 3 and 138.
3
What is the greatest common divisor of 3504 and 48?
48
What is the greatest common factor of 15250 and 100?
50
What is the highest common divisor of 2435 and 974?
487
Calculate the highest common factor of 464 and 261.
29
What is the greatest common divisor of 298 and 447?
149
Calculate the greatest common divisor of 729 and 3240.
81
Calculate the greatest common divisor of 6603 and 279.
93
Calculate the greatest common factor of 14539 and 217.
217
Calculate the greatest common divisor of 297 and 8613.
297
What is the greatest common factor of 6 and 96?
6
Calculate the greatest common factor of 304 and 2318.
38
Calculate the highest common factor of 196 and 28.
28
Calculate the greatest common factor of 28 and 350.
14
Calculate the highest common divisor of 137 and 4247.
137
What is the highest common factor of 52 and 351?
13
Calculate the greatest common divisor of 133 and 304.
19
Calculate the highest common factor of 284 and 2059.
71
What is the greatest common divisor of 1258 and 34?
34
Calculate the greatest common divisor of 8 and 3544.
8
Calculate the greatest common divisor of 24 and 36.
12
Calculate the highest common divisor of 7 and 175.
7
What is the highest common factor of 41 and 1025?
41
Calculate the greatest common divisor of 1504 and 1692.
188
Calculate the greatest common factor of 33 and 2651.
11
Calculate the highest common divisor of 136 and 40.
8
Calculate the greatest common factor of 82 and 697.
41
What is the greatest common divisor of 3666 and 234?
78
What is the highest common divisor of 600 and 48?
24
Calculate the highest common divisor of 29 and 52461.
29
Calculate the greatest common divisor of 33 and 583.
11
What is the greatest common divisor of 22 and 2497?
11
Calculate the highest common divisor of 410 and 11808.
82
What is the highest common factor of 115 and 23?
23
What is the highest common factor of 22 and 9867?
11
Calculate the greatest common factor of 3 and 471.
3
Calculate the greatest common divisor of 110 and 242.
22
Calculate the highest common factor of 39 and 221.
13
What is the highest common factor of 1343 and 17?
17
What is the highest common factor of 43 and 8?
1
Calculate the highest common divisor of 8 and 268.
4
What is the highest common divisor of 5480 and 120?
40
What is the greatest common factor of 10 and 465?
5
What is the greatest common factor of 782 and 46?
46
What is the greatest common factor of 2253 and 12?
3
What is the greatest common divisor of 36 and 10188?
36
What is the highest common factor of 5389 and 17?
17
What is the highest common divisor of 61 and 671?
61
What is the highest common factor of 164 and 97252?
164
Calculate the greatest common divisor of 55 and 3630.
55
What is the greatest common factor of 793 and 1891?
61
What is the greatest common factor of 6356 and 140?
28
Calculate the highest common divisor of 30 and 5.
5
Calculate the greatest common factor of 713 and 92.
23
Calculate the highest common divisor of 13 and 91.
13
Calculate the highest common divisor of 89 and 1424.
89
Calculate the greatest common factor of 99 and 495.
99
What is the highest common divisor of 51 and 187?
17
Calculate the highest common divisor of 64 and 27712.
64
What is the greatest common divisor of 30 and 7845?
15
Calculate the greatest common factor of 54 and 27.
27
What is the highest common divisor of 140 and 1100?
20
Calculate the greatest common divisor of 4498 and 52.
26
What is the highest common factor of 10 and 125?
5
What is the greatest common factor of 33 and 759?
33
What is the greatest common factor of 1547 and 273?
91
Calculate the highest common factor of 624 and 7696.
208
What is the greatest common factor of 29 and 2?
1
Calculate the highest common divisor of 336 and 462.
42
What is the highest common divisor of 162 and 27?
27
Calculate the greatest common divisor of 315 and 455.
35
Calculate the highest common divisor of 585 and 130.
65
What is the highest common divisor of 2 and 26?
2
What is the highest common factor of 18 and 36?
18
What is the highest common divisor of 6 and 33?
3
What is the highest common divisor of 89 and 2581?
89
Calculate the highest common factor of 1071 and 306.
153
What is the greatest common divisor of 26505 and 570?
285
What is the greatest common factor of 36 and 774?
18
What is the greatest common divisor of 120 and 80?
40
Calculate the greatest common divisor of 9106 and 174.
58
Calculate the highest common divisor of 612 and 366.
6
Calculate the highest common factor of 165 and 45.
15
What is the greatest common divisor of 46 and 759?
23
What is the greatest common factor of 80 and 69600?
80
What is the highest common divisor of 798 and 2646?
42
Calculate the highest common factor of 81 and 432.
27
What is the highest common factor of 9 and 108?
9
Calculate the highest common divisor of 715 and 275.
55
What is the greatest common factor of 13 and 299?
13
Calculate the greatest common factor of 2208 and 768.
96
What is the highest common divisor of 29121 and 34?
17
What is the highest common divisor of 5293 and 79?
79
Calculate the greatest common factor of 30 and 18.
6
What is the greatest common divisor of 172 and 24?
4
Calculate the greatest common divisor of 22523 and 101.
101
Calculate the greatest common divisor of 1150 and 1500.
50
What is the highest common factor of 29 and 464?
29
Calculate the greatest common factor of 50 and 925.
25
What is the highest common factor of 1 and 89?
1
What is the greatest common factor of 40 and 216?
8
What is the highest common divisor of 52 and 819?
13
What is the highest common divisor of 54 and 72?
18
What is the greatest common divisor of 638 and 174?
58
Calculate the greatest common divisor of 400 and 560.
80
What is the highest common factor of 4184 and 16?
8
What is the highest common divisor of 1620 and 24?
12
Calculate the greatest common divisor of 32 and 32.
32
Calculate the greatest common divisor of 15 and 444.
3
What is the greatest common factor of 78 and 117?
39
Calculate the greatest common divisor of 671 and 183.
61
What is the greatest common factor of 50 and 1025?
25
Calculate the highest common factor of 30000 and 240.
240
Calculate the highest common divisor of 2085 and 15.
15
Calculate the highest common divisor of 286 and 1859.
143
What is the greatest common divisor of 459 and 68?
17
Calculate the greatest common factor of 135 and 27.
27
Calculate the highest common divisor of 8 and 1976.
8
What is the greatest common divisor of 6 and 768?
6
What is the highest common divisor of 423 and 99?
9
What is the highest common divisor of 18 and 738?
18
What is the highest common divisor of 40 and 760?
40
What is the highest common factor of 11316 and 12?
12
Calculate the highest common factor of 10 and 115.
5
What is the greatest common factor of 3379 and 31?
31
What is the greatest common factor of 40 and 728?
8
Calculate the highest common factor of 245 and 441.
49
What is the greatest common divisor of 11 and 407?
11
Calculate the greatest common factor of 576 and 2416.
16
What is the greatest comm